450 - 3691 = 0. List the prime factors of z.
2, 67, 83
Let w(r) = 2*r**2 - r + 1. Let m(h) = -14*h**2 - 6*h - 19. Let s(o) = -m(o) - 2*w(o). List the prime factors of s(7).
563
Suppose 32*m - 28*m - 3*n - 90593 = 0, 45297 = 2*m - n. What are the prime factors of m?
11, 29, 71
What are the prime factors of 2*(-51)/(-34) - -31038?
3, 3449
Suppose -t + 17 = -3*z + 7, 0 = -4*z - 8. What are the prime factors of (0 - 7 - t)/((-6)/120)?
2, 5, 11
Let k(m) = -m**2 + 9*m + 3. Let b be k(9). Suppose -4800 = 9*l - 12*l + 3*h, -b*h + 6393 = 4*l. List the prime factors of l.
3, 13, 41
Let r(d) = 44*d**2 + 5*d - 609. What are the prime factors of r(33)?
2, 3, 23, 43
Let j = 55 + -53. Let o be (-2)/(-4)*(6 + -2 + j). Suppose 21 = -o*b + 345. What are the prime factors of b?
2, 3
Suppose -7*m - 34 - 8 = 0. Let r(g) = -9*g - 50. What are the prime factors of r(m)?
2
Let q = 46 + -68. Let z be (-28)/126 - (-1 - q/(-18)). Suppose 2*f - 5*h - 238 = 0, -5*h + 6 = -z*h. What are the prime factors of f?
2, 31
Suppose -224*j + 216*j = 44 - 12. Suppose 13825 = -5*k + 5*t, 0 = -5*k + 3*t + 957 - 14788. What are the prime factors of 0 - (j/18 - k/(-18))?
2, 7, 11
Let r be (-4)/(-10) + ((-36)/15 - -3). Suppose 5*u - 31 = -b, 3*u - 2*u + 2*b = -r. What are the prime factors of 2/(-7) - ((-1791)/u)/3?
5, 17
Suppose -3 = -3*v + 3. Suppose -20 = v*y + 2*k, 3*k - 6 + 21 = -2*y. Let t(w) = 2*w**2 + 28*w + 5. What are the prime factors of t(y)?
5, 7
Suppose 0 = 2*m + d + 117 + 19, -2*m - 5*d - 128 = 0. What are the prime factors of 18/2*(-3703)/m?
3, 7, 23
Suppose -14*s = -4*s - 3420. Suppose -8*r = s - 1934. What are the prime factors of r?
199
What are the prime factors of 13 - ((-16 - -12) + -5104)?
3, 569
Let b(h) = -3*h**2 - 25*h - 78. Let j be b(11). Let u = 1231 + j. List the prime factors of u.
5, 103
Let p = 379 - -3572. What are the prime factors of p?
3, 439
Let c(v) = 11*v - 62. Let b be 1/(5/95) - -5. What are the prime factors of c(b)?
2, 101
Let j be 1339/2 - (-3)/(-6). Suppose -2*x = -3*s + 401, -5*s + 0*s + j = -3*x. List the prime factors of s.
3, 5
Let v = 36 + -24. Let j(p) = 13*p**2 + 76*p + 54. Let w(d) = -5*d**2 - 26*d - 18. Let m(a) = 3*j(a) + 8*w(a). What are the prime factors of m(v)?
2, 3, 19
Suppose 34053 = 28*h - 36507. What are the prime factors of h?
2, 3, 5, 7
Let k(s) = -108*s**3 + 6*s**2 + 7*s + 26. List the prime factors of k(-4).
2, 31, 113
Let b(i) = i**2 + 21*i - 116. Let p be b(-27). Let w = p - -562. List the prime factors of w.
2, 19
Let x(j) = 2*j**2 - 1. Let v(r) = 2*r**2 + 5*r - 16. Let a(q) = v(q) + 5*x(q). List the prime factors of a(-8).
7, 101
Suppose -114*d + 16008 = -102*d. List the prime factors of d.
2, 23, 29
Let a(o) = -1 + 69*o**3 + 3*o - 193*o**3 + 65*o**3 + 64*o**3. List the prime factors of a(2).
3, 5
Suppose 32*c - 6065 = 77487. Suppose 4*j = -2*w + 1310, -3*w - 4*j = 642 - c. What are the prime factors of w?
659
Let v(i) = i**2 + 25*i + 1477. What are the prime factors of v(46)?
3, 17, 31
Let v = 161 - 155. Suppose -v*d - 380 = -11*d. What are the prime factors of d?
2, 19
Let b be 1878/10*(-7 + 2). Let u = 2711 + b. What are the prime factors of u?
2, 443
List the prime factors of (2 + 0)*(-5291)/(-39)*(-438)/(-4).
11, 37, 73
What are the prime factors of 96/10*(-940130)/(-328) + -1 + -1?
2, 13757
Let d = 481 - 456. Suppose -d*h - 10*h + 2100 = 0. List the prime factors of h.
2, 3, 5
Let l(c) = c**3 - c**2 + 2*c - 746. Let i = -23 - -23. Let h be l(i). List the prime factors of (-2)/(8/h) - 14/(-28).
11, 17
List the prime factors of 143497/7 + (-240)/(-560).
2, 5, 41
Let f(a) = a**2 - 17*a - 18. Let s be f(18). Suppose s = 16*i - 17*i + 4. Suppose 192 = i*b - 60. List the prime factors of b.
3, 7
Suppose 0 = -6*b - 6*b + 6324. Suppose 5*w - 333 = 5*a + b, 0 = -3*w + a + 526. List the prime factors of w.
3, 59
Suppose 2*q - 880 = 3*u - 219, -5*u = 2*q - 701. List the prime factors of q.
2, 13
Suppose 13*k = -5*d + 14*k + 32258, 19359 = 3*d - 2*k. What are the prime factors of d?
6451
Suppose 2*d - 2008 = 2*z, -2*z + 4*z - 4004 = -4*d. Let s = d + -167. What are the prime factors of s?
5, 167
Let p(x) = x**3 + 4*x**2 + x - 3. Let o(c) = -5*c**3 - 19*c**2 - 6*c + 16. Let d(h) = -2*o(h) - 11*p(h). What are the prime factors of d(-9)?
5, 47
Let k(z) be the third derivative of -z**6/120 - z**5/3 + 7*z**4/8 + 10*z**3/3 - 9*z**2. Let a be k(-21). What are the prime factors of 22/3 + a/(-60)?
7
Let u = -10 - -25. Let t be ((-5)/u)/(-1)*6. Suppose -6*q + 12 = -t*q. List the prime factors of q.
3
What are the prime factors of (16 - (-875445)/135) + 4*(-2)/(-36)?
3, 11, 197
Suppose 0 = -114*q - 2163315 + 12602865. What are the prime factors of q?
3, 5, 11, 37
Suppose 6*t = 3*f - 65580, -2*f + 7*f = -2*t + 109276. List the prime factors of f.
2, 683
Let j(o) = -5*o + 2*o - 36 + 450 + 152 + o**2. Let c be j(0). Suppose 3*z - 5*s = 421, -2*s + c = 4*z - 4*s. List the prime factors of z.
2, 71
List the prime factors of (-1*(-457)/(-3))/((-118)/29028).
2, 41, 457
Let d be (63/36)/((-2)/(-8)). Let j(z) = -19*z + d*z - 11*z**3 - 3 + 10*z + 1 + 2*z**2. List the prime factors of j(-2).
2, 7
Let h = -5105 - -20050. List the prime factors of h.
5, 7, 61
Let m = 22301 + -7889. List the prime factors of m.
2, 3, 1201
Let a = 492 - 489. Suppose -a*j + 2997 = 2*b, 5*b + 1575 = -3*j + 4563. List the prime factors of j.
7, 11, 13
Let r(z) = -z**3 + 4*z**2 - 3*z + 6. Suppose 16*o = 40 + 152. Suppose 47*s + o = 51*s. List the prime factors of r(s).
2, 3
Let a(l) = 8*l**3 - 15*l**2 - 52*l + 899. List the prime factors of a(17).
2, 4373
Let b = 73 - 59. Suppose -4*p + 5*c = b - 4, -4*c = p - 8. Suppose p = -16*r + 21*r - 415. What are the prime factors of r?
83
Let z = -47 + 50. Suppose 5*t = z + 17, 0 = -3*q + 4*t + 1487. What are the prime factors of q?
3, 167
Let p(a) = 20*a**2 - 10*a + 14. Let z(m) = 10*m**2 - 6*m + 7. Let j(c) = 4*p(c) - 7*z(c). List the prime factors of j(4).
5, 7
Let l = -64 + 64. Suppose 7*w - 14*w + 28 = l. Suppose w*b = 2*b + 236. List the prime factors of b.
2, 59
Let k = 18806 + -12944. Suppose -15*s + 93 + k = 0. What are the prime factors of s?
397
Let p = -497 - -507. List the prime factors of 928 + p/(35/(-7)).
2, 463
Suppose -32*g - 31*g + 753929 + 1046611 = 0. List the prime factors of g.
2, 5, 1429
List the prime factors of 1394600/45 - (-360)/(-324).
2, 3, 5, 1033
Suppose 26*r = -r + 54. Suppose r*f = 5*a - 558, 4*f + 45 = a - 63. What are the prime factors of a?
2, 7
Suppose -5*w - 4*o = -o - 44312, 20 = 5*o. What are the prime factors of w?
2, 5, 443
What are the prime factors of ((-935424)/2352)/(1/((-154)/4))?
2, 3, 11, 29
Suppose -37*r + 883907 + 326236 = -36461. What are the prime factors of r?
2, 8423
Let f be -12 + 0 + 1 + (2 - 0). Let c be (-12)/f*6*(66 - -2). Suppose -c = -5*l + 96. What are the prime factors of l?
2
Let d(b) = b**2 - 17*b - 22. Let z be d(18). Let l be (-6)/z*20/3. Suppose -l*o + 576 = -4*o. What are the prime factors of o?
2, 3
Suppose 53*z - 10*z - 1728385 = 0. List the prime factors of z.
5, 8039
List the prime factors of 1621620/66 - (-12 + 1).
47, 523
Let u(q) = 2*q - 26. Let i be u(-13). Let z = 7 - 35. Let s = z - i. List the prime factors of s.
2, 3
Suppose 2*m = 2*u + 13346, -2*m + 13354 = -0*m - 6*u. Suppose 637*s - 630*s = m. What are the prime factors of s?
953
Let n = 20337 + -11631. List the prime factors of n.
2, 3, 1451
Suppose y - 22 = -5*g, 4*y - 16 = -5*g + 3*g. Suppose 24174 = -g*x + 22*x. List the prime factors of x.
17, 79
Let l(d) = 32*d**2 + 57*d + 2. Let k be l(-2). List the prime factors of (-2064)/(-9) + -1 + k/(-48).
2, 3, 19
What are the prime factors of ((-996)/24)/((-8)/432)?
3, 83
Suppose 80*n - 499287 - 175833 = 0. What are the prime factors of n?
3, 29, 97
Let w(l) = -l**3 + 21*l**2 - 17*l + 20. Let s = 54 + -69. Let n be (-297)/s + (-4)/(-20). List the prime factors of w(n).
2, 5
Let c(v) = -3 + 2 - 12 + 17*v. Let l(s) = s**3 - 25*s**2 - 24*s - 47. Let w be l(26). List the prime factors of c(w).
2, 3
Suppose -4 = -l - 2*a, -3*a = 3*l - a - 28. Suppose l = -20*g + 17*g. Let y = 35 + g. What are the prime factors of y?
31
Let b(o) = -461*o + 12562. What are the prime factors of b(-123)?
5, 7, 1979
Suppose -d - z + 2 = -5*z, -3*d - z + 6 = 0. Suppose